 is the units digit of l?
7
Suppose -391*l + 388*l - 6813 = -g, -l - 2 = 0. What is the units digit of g?
7
Suppose -4*z = -5*s - 25, 3*s - 8*s + 2*z - 15 = 0. Let g(u) = -115*u - 99*u - 9*u - 16 - 73*u. What is the tens digit of g(s)?
8
Let o = 9534 + 5077. What is the tens digit of o?
1
Let q be (407/55 - 9) + (-2)/5. What is the units digit of ((150 - q) + -12)/((-2)/(-13))?
0
Let l(f) = 6*f**2 - 16*f + 13. Suppose 4*o = 2*t + 22, -2*o = -0*o + 3*t + 1. What is the units digit of l(o)?
5
Let r be (-6 + 5)/((-2)/(-12)). Let k = 11 + r. What is the tens digit of k/50*8*35?
2
Suppose 0*i - 126 = -3*i. Suppose i*x + 16 = 46*x. What is the tens digit of 237 + (-6 + x - -3)?
3
Suppose -4681 = -2*y + 2815. What is the units digit of y?
8
Let r(g) be the first derivative of -11*g**2/2 - 49*g - 1. Let j = -327 + 319. What is the units digit of r(j)?
9
Suppose 0 = -25*k + 18*k - 1918. Let n = k + 1478. What is the thousands digit of n?
1
Suppose 28884 = 7*t + 17058 - 50313. What is the tens digit of t?
7
Let p(b) = -67*b - 1075. What is the hundreds digit of p(-28)?
8
Let r = 1625 - -888. Suppose -5*s - i + r = 0, -39*s = -44*s + 4*i + 2498. What is the hundreds digit of s?
5
Let h(o) = 145*o - 10. Let t be h(8). Let b = t + -763. What is the tens digit of b?
8
Let k(p) = -p**3 - 4*p - 11. Let f be k(-5). Suppose 3*w - 734 + f = 0. What is the hundreds digit of w?
2
Let x(s) be the first derivative of -s**3 - 53*s**2/2 - 42*s - 41. Let p(a) = a**2 + 18*a + 14. Let i(y) = -8*p(y) - 3*x(y). What is the units digit of i(9)?
0
Let l(r) = 125*r**2 + 138*r + 1315. What is the thousands digit of l(-11)?
4
Let n(s) = 1171*s**2 - 37*s - 3. What is the hundreds digit of n(2)?
6
Let b(p) = -p**2 - 4*p + 132. Let j be b(0). Let t = 321 + j. What is the units digit of t?
3
Let v(u) = 14*u + 1 + 2 - 13*u. Let o = 7 + 3. What is the units digit of v(o)?
3
Let z(l) = -17*l + 0*l**2 + 57 + l**3 - 61 - 3*l**2. What is the units digit of z(10)?
6
Let c = 14999 + -8494. What is the hundreds digit of c?
5
Suppose -19*l = -22*l + 21. Let i = l + 9. What is the units digit of 252/i + (-3)/(-12)?
6
Suppose 5*s + 6*s + 51183 = 0. What is the tens digit of (6 - s/(-22))/(6/(-8))?
7
Suppose 3*m = -12 + 30. Let u(l) = 46*l**2 + 2*l + 2. Let r be u(m). Suppose -13*g + 3*g + r = 0. What is the tens digit of g?
6
What is the hundreds digit of (-7152 - -7)*252/(-28)?
3
Suppose -263 = -10*r - 323. What is the units digit of -11 + 1042 - 6/r?
2
What is the hundreds digit of ((-2628948)/510)/(-1 - 3/(-5))?
8
Suppose 17*o + 50 = 13*o + 2*r, -5*r = 5. Let d be 1*2 + 206/(-2). What is the tens digit of (12 + o)/(1/d)?
0
Let r be (584750/(-75))/((-2)/6). Suppose 15*o - 2245 = r. What is the tens digit of o?
0
Let f = 763 - 362. Suppose -6*l = -f - 79. What is the units digit of l?
0
Let q be (-3)/(-4)*(-5 + 609/9). Let b(h) = h**2. Let p be b(-3). Suppose -q = -i - p. What is the tens digit of i?
3
Let f(m) = 893*m**3 + 245*m - 1011. What is the tens digit of f(4)?
2
Let t(x) = 57*x**2 - x. Suppose 3*m + 8 + 1 = 0, 0 = -d + 3*m + 13. Suppose 6 = 2*j + d*j. What is the tens digit of t(j)?
5
What is the hundreds digit of (3072/(-120) - -26)/((-1)/(-555))?
2
Let k(j) be the third derivative of -j**4/3 + j**3/2 + 103*j**2 + 1. Let y = -7 + 1. What is the tens digit of k(y)?
5
Suppose 2*r - 16330 = 4*o - 0*o, o = -4*r + 32624. What is the units digit of r?
7
Let o = -2244 - -3474. What is the units digit of o?
0
Let q = -19172 + 44435. What is the units digit of q?
3
Suppose 9*w + 4287 + 2085 = 0. Let v = 766 + w. What is the tens digit of v?
5
Let b = 39 + -38. Let a be ((-1)/(-3))/(b/687). Let v = -95 + a. What is the hundreds digit of v?
1
Let b = 8 + -8. Suppose 3*a = -o, -2*o = -5*o + 4*a + 26. Suppose b = -o*r + 4 + 62. What is the tens digit of r?
1
Let i be (-33149)/(-7) - 120/(-280). Suppose 4*c + 2*f + 1320 = i, 2*c = -3*f + 1712. What is the hundreds digit of c?
8
Suppose 0 = -4*u + h + 202648, 1048*u - 1047*u = h + 50662. What is the hundreds digit of u?
6
Let n(x) = 290*x - 3518. What is the units digit of n(48)?
2
Let j(t) = 2*t**2 - 6*t - 7. Let s be -3*((-44)/6 + 2). Let h = s + -10. What is the tens digit of j(h)?
2
Let q(c) = -2414*c + 1982. What is the hundreds digit of q(-3)?
2
Let g be 3 + ((-3)/(-2))/(-4*(-4)/(-32)). Let y = 8813 + -6237. Suppose g = -4*j - 10*j + y. What is the units digit of j?
4
Let g = -22919 + 33726. What is the hundreds digit of g?
8
Let v(n) = 2273*n - 25. What is the thousands digit of v(1)?
2
Let w(g) = 224 - 45 - 83*g + 342*g - 69*g. What is the hundreds digit of w(7)?
5
Suppose -7*k + 5*k + 3*k = 0. Suppose k = -78*b + 83*b - 25. Suppose 293 + 294 = b*i + 3*t, 4*t = 2*i - 214. What is the hundreds digit of i?
1
Let l be (-5)/(-2)*(-352)/(-80). Let t(i) = -i**3 + 13*i**2 + 22*i + 10. What is the units digit of t(l)?
4
Suppose -12455 = -3*a - 4*g + 3*g, -5*a - 5*g = -20755. What is the tens digit of a?
5
Let q be ((-4)/(-4))/(3/(-15)) + 19. What is the hundreds digit of 777/q*(-10)/(-3)?
1
Suppose 0 = 8*n + 34*n - 470694. What is the hundreds digit of n?
2
Let m be (1422/(-42) + 1)*-7. Let v = 256 - m. What is the units digit of v?
6
Suppose 0 = -4*r - 5*u + 35466, 0*r - 3*r + 26565 = -2*u. What is the tens digit of r?
5
Let k(a) = 249*a + 31. Let f(l) = -249*l - 29. Let g(z) = 6*f(z) + 5*k(z). What is the units digit of g(-2)?
9
Suppose 382605 = 138*n - 44466 - 284043. What is the hundreds digit of n?
1
Let s(u) = u**2 + u + 2. Let y be s(1). Suppose 9538 = 5*q + v, -q + 3*v - y*v = -1906. What is the hundreds digit of q?
9
Suppose 17*x - 548202 = -27101. What is the hundreds digit of x?
6
Let d(s) = -62*s + 40. Let y be d(-6). Let h = 131 + -390. Let p = y + h. What is the hundreds digit of p?
1
What is the tens digit of (-2736)/34200 + 697752/25 + -1?
0
What is the ten thousands digit of (-4451517)/(-189) - (17 - 1)?
2
Let u(r) = r**2 + 23*r + 25. Let f be u(-24). Suppose -10*m = -8*m - 46. Let a = m + f. What is the units digit of a?
2
Suppose 2*j = 4*h, -7*h = -2*h + 20. What is the tens digit of (j/10)/(((-1)/(-270))/(-1))?
1
Suppose -4*l + 2*k = -6954, -7*l + 9176 = 5*k - 3036. What is the thousands digit of l?
1
Let r(c) = -6*c**2 - 6*c**3 + 2*c**3 - 4*c**2 + 13 + 8*c - 7. What is the units digit of r(-5)?
6
Suppose -3*q + 3561 = -3366. Suppose 5*f + 1331 = 5*x - q, -5*x - 4*f + 3658 = 0. What is the tens digit of x?
3
Suppose -155709 = -9*v - 33282. What is the ten thousands digit of v?
1
Suppose -2*z = 2, 5*j - 141*z - 29058 = -138*z. What is the units digit of j?
1
Let w(v) = -22*v - 4 + 8*v + 13*v + 2. Let h(n) = n**2 - 10*n + 3. Let c be h(7). What is the units digit of w(c)?
6
Let x(a) = a**3 - 11*a**2 - 3*a - 15. Let m be x(13). Suppose 2*i + 54 = -m. Let n = i + 387. What is the units digit of n?
8
Let z(b) = -721*b - 409. What is the units digit of z(-18)?
9
Suppose -30878 = -356*b + 4599970. What is the tens digit of b?
0
Suppose 2*j + j - 2*f = -139, -91 = 2*j - 3*f. Let r = j - -103. Suppose c + r = 3*c. What is the units digit of c?
8
Let t be (8/20)/(-7 - 24294/(-3470)). Suppose 5*j + 4*w - 550 = 0, 0 = -j + 4*j - w - t. What is the units digit of j?
4
Let u = 139 + -114. Let o(h) = h**2 - 22*h + 84. What is the hundreds digit of o(u)?
1
Let g = 41668 - 27985. What is the units digit of g?
3
Let h(f) = -1588*f - 308. What is the tens digit of h(-15)?
1
Let u(a) = a**3 + 8*a**2 + 8*a - 5. Let l(j) = 2*j + 7. Let d(g) = g - 1. Let o(q) = 3*d(q) - l(q). Let i be o(6). What is the tens digit of u(i)?
2
Let o be 2 + -2 - 0 - (-48 + -7). Suppose -w = -o - 957. What is the hundreds digit of w?
0
Suppose 0 = -p + 10*p + 90. Let y(v) = v + 31. Let q be y(p). What is the units digit of 6114/q + (-1)/7?
1
Let v(h) = -h**3 - 42*h**2 - 40*h + 40. Let q be v(-41). Let i(w) = -1152*w - 9. What is the thousands digit of i(q)?
1
Let u(d) = 296*d**2 + 60*d + 555. What is the ten thousands digit of u(-8)?
1
Suppose 0 = 4*q - 21 + 33. What is the units digit of (q - (-17600)/30)*3?
1
Let g be (1 + 7)/(30/27405*-9). Let u = 375 - g. What is the tens digit of u?
8
Let m = 16 + -17. Let c be ((-10)/(-5) + m)*4. Suppose 181 - 792 = -c*o + 5*r, -164 = -o - r. What is the tens digit of o?
5
Suppose -5*r = -260220 + 98070. What is the thousands d